me factors of m.
5, 37
Let i(f) = 2*f + 140. Let u be i(16). Let y = 427 + u. List the prime factors of y.
599
Suppose -359*r = -362*r - 126. Let w = -193 + 85. Let i = r - w. What are the prime factors of i?
2, 3, 11
Suppose 81432 = -81*k + 87*k. Suppose -40*t + 52*t - k = 0. What are the prime factors of t?
3, 13, 29
Suppose -2*w + 6*w + 3*i = 75, -3*i = 5*w - 90. Suppose -21 = -3*a + 33. Let m = a - w. What are the prime factors of m?
3
Suppose -5*z + p = -46, 0*p - 4*p - 22 = -2*z. What are the prime factors of (-339*z/54)/(1/(-2))?
113
Suppose -3287*d + 656 = -3283*d. Let a be (-2)/9 + (-6543)/81. Let k = d + a. List the prime factors of k.
83
Let i be (-19444)/(-20) - -5 - (-5)/(-25). Let f = i - 374. What are the prime factors of f?
3, 67
Suppose -4*y + 18 = 2*n - n, 0 = 3*n - 6. Let b(v) = 13*v**2 + 13*v - 57. What are the prime factors of b(y)?
7, 29
Let p = 6753 + 16051. List the prime factors of p.
2, 5701
Suppose -20*u = -234*u - 16*u + 4839890. List the prime factors of u.
11, 1913
Let s(z) = -13 - 200 + 480 + z + z + 5*z**2. What are the prime factors of s(0)?
3, 89
Suppose -2*d + 46327 = 5*i, 3*d = -14*i + 17*i + 69438. What are the prime factors of d?
3, 7717
Suppose 19697 = 3*x - 12421. What are the prime factors of x?
2, 53, 101
Suppose 27497 = 8*r - 36935. Suppose r + 8746 = 10*s. What are the prime factors of s?
2, 3, 5, 7
Suppose -3 + 18 = 3*w, -3*w = -2*f + 10181. List the prime factors of f.
2, 2549
Suppose -103*o + 60*o - 122336 = -559603. What are the prime factors of o?
10169
List the prime factors of 53464/8 + 3 + 2.
2, 11, 19
Let y(a) = 28*a - 27*a - 11 - 73 + 2*a + 28*a. What are the prime factors of y(34)?
2, 5, 97
Suppose -6 = -6*c + 12. Suppose -436 = -3*a + c*x + 155, -2*a + 374 = 3*x. List the prime factors of a.
193
Let b(o) = o**3 + 13*o**2 + 22*o - 5. Suppose -3*x - 39 + 9 = 0. Let p be b(x). Let z = 197 + p. What are the prime factors of z?
2, 17
Let t = -2665 + 7113. What are the prime factors of t?
2, 139
Suppose 0 = 13*l - 6*l. Suppose 4*m = w + 585, -2*m - 4*w + 110 + 160 = l. List the prime factors of m.
5, 29
Let b be 6/45 + ((-348)/(-45))/2. Suppose -z - 15 = 3*g - 61, 4*g - 48 = -b*z. What are the prime factors of g?
17
What are the prime factors of 642847/124 + 27/(-12) + (2 - 3)?
3, 11, 157
Let n = 27559 + -19524. List the prime factors of n.
5, 1607
Let h be 5*95 - (18/(-6) + 4). Let i = h + 685. List the prime factors of i.
19, 61
Let x(z) = 3*z + 6. Let b be x(0). Suppose a - b*a + 5*o = -15, -o - 4 = 0. List the prime factors of 1*a*(-67 + 2).
5, 13
Suppose 2317 - 8182 = 17*d. Let u = d + 485. List the prime factors of u.
2, 5, 7
What are the prime factors of 173/((8/(-10))/(-4))?
5, 173
Let z(o) = 3*o**2 - 10*o - 18. Let p = -53 + 45. Let c be 2 - p/(-10)*(1 - 11). What are the prime factors of z(c)?
2, 7, 13
Suppose 3*j + 3*w = 2*j + 23, 0 = -5*j - 4*w + 137. Let r = j + -24. Suppose -l = 4*i + 29 - 205, 0 = -r*i - 3*l + 227. List the prime factors of i.
43
Let w(b) = -2*b**2 - 54*b + 61. Let m be w(-28). Suppose 2*c + 4*v = 1158 - 160, 0 = m*c + 2*v - 2503. List the prime factors of c.
3, 167
Let y = 745 - 742. Suppose -y*t + 5*c = -2613, 2*t - 625 = -c + 1104. List the prime factors of t.
2, 433
Suppose -2278 = -m + 5*u + 2, u = 2*m - 4605. Suppose n = 3*s + 461, 15*n = 10*n + 2*s + m. What are the prime factors of n?
461
Let n(t) = 2*t**2 + 19*t - 26. Let y be n(15). Suppose -8*k + 139 + y = 0. Suppose -2*c + k = -c. List the prime factors of c.
2, 53
Let l = -20 + 19. Let w be (0 + -1 - l)/(-1). Suppose x - 53 = -r, -3*r + 0*x - x + 163 = w. List the prime factors of r.
5, 11
Let k(t) = -5470*t**3 + 20*t**2 + 29*t - 5. What are the prime factors of k(-2)?
43777
Suppose 412*j - 11146360 = 3541440. List the prime factors of j.
2, 5, 23, 31
Let x(u) = u**3 + 11*u**2 + 11*u + 15. Let f be x(-10). Suppose 0 = -5*g + 2*w, -f*w + 33 = -6*g + 10*g. List the prime factors of 53*g + 6 + -9.
103
Let k = -24 + 85. Suppose -4*z + 3099 = -k. List the prime factors of z.
2, 5, 79
Let a(v) = -13*v + 128. Let j be a(-20). List the prime factors of j/20 + 2 + 42/(-30).
2, 5
What are the prime factors of (19944/(-16) - -11)*304/(-28)?
2, 19, 353
Let l = -29 - -36. Let s(h) = 5*h - 4*h - 2*h**2 - l + 3*h**2 + 76 + 2*h**3. List the prime factors of s(0).
3, 23
Let g = 70 - -212. Let u = g - 45. What are the prime factors of u?
3, 79
Let w = 236 - 230. Suppose 0 = 2*a - 2*z - 214, z - w*z = -4*a + 428. What are the prime factors of a?
107
Let f(j) = -2050*j**3 - 9*j**2 - 9*j + 1. List the prime factors of f(-1).
7, 293
Let v = -759 - -755. What are the prime factors of v*(-3 - -4)*-98?
2, 7
Let r = -45 + 51. Let c be (-56)/10 + r/(-15). What are the prime factors of (c - -5)/(3/(-201))?
67
Suppose -2*j = -3*s - 27656, -3*j - 13*s = -10*s - 41499. What are the prime factors of j?
13831
Let d = -18 + 21. Suppose -d*h = -161 - 10. Suppose -60*c + 381 = -h*c. List the prime factors of c.
127
Let r = 103 + -96. Suppose -1295 - 7063 = -r*t. What are the prime factors of t?
2, 3, 199
Let j(p) = -530*p + 1791. What are the prime factors of j(-8)?
37, 163
Suppose 11*n + 396297 = 1127555. What are the prime factors of n?
2, 43, 773
Let m(r) = -2*r**3 - 27*r**2 - 47*r - 267. List the prime factors of m(-18).
3, 5, 233
Let d = -3434 - -6385. List the prime factors of d.
13, 227
Let r(b) = -b**3 - 3*b**2 + 7*b - 5. Let t be r(-13). Let p = t - 1102. What are the prime factors of p?
2, 3, 41
Let m(o) = -5*o**3 - 45*o**2 - 67*o + 26. Let g(c) = 11*c**3 + 91*c**2 + 134*c - 50. Let v(k) = -4*g(k) - 9*m(k). List the prime factors of v(-39).
5, 79
Let l(t) = t**3 - 5*t**2 - 5*t + 212. Let b(o) = -5*o**3 + 21*o**2 + 22*o - 847. Let f(h) = 2*b(h) + 9*l(h). What are the prime factors of f(0)?
2, 107
Let v = 438 - 248. Suppose 4*c - v + 206 = 0. What are the prime factors of (-6)/c - (-460)/8?
59
Suppose -5*m + 908 = 728. Suppose 0 = -2*q - 2 + m. List the prime factors of q.
17
Let p be (-6)/((2/697)/(-1)). Let k = p + -1471. Suppose k = -13*i + 23*i. What are the prime factors of i?
2, 31
Suppose -2336336 = -266*j + 1562958. What are the prime factors of j?
107, 137
Let o(p) be the third derivative of 29*p**4/4 - 11*p**3/6 + 35*p**2. What are the prime factors of o(2)?
337
Let z = 130 - 124. Suppose 0 = -2*a + 4*u, -2*a - 2 + 4 = -3*u. Suppose 0 = -2*i, 220 = 4*j - a*i + z*i. What are the prime factors of j?
5, 11
Let s be 8366/(-235) + 1 + (-14)/10. Let g = 25 + s. Let j(u) = u**3 + 11*u**2 - 14*u + 7. List the prime factors of j(g).
7, 23
Let l(n) = -50*n - 22. Let z be l(-5). Suppose -2*u - 2*u + z = 0. Let y = u + 30. List the prime factors of y.
3, 29
Let c be -1*(-1 + (-1 - 0)). Suppose n + n = -4, c*p = 5*n - 124. Let l = -48 - p. List the prime factors of l.
19
Suppose 6*l - 2*l - 2*q - 32 = 0, 0 = 2*l - 5*q - 16. Let s(b) = -2*b + 0*b - 19 - 8*b**2 + 12*b**2. What are the prime factors of s(l)?
13, 17
Let i(y) = -y**3 - y**2 - 1. Let z(l) = 10*l**2 + 15*l + 13. Let k(g) = -i(g) + z(g). Suppose 49*w - 198 = 71*w. What are the prime factors of k(w)?
41
Let p be 2 - 4/(-4) - 72. Let f = 120 - 46. Let m = p + f. What are the prime factors of m?
5
Let v(b) be the first derivative of -3*b**4/2 + 2*b**3/3 - 4*b**2 - 2*b - 888. Suppose -12 = 5*w + 2*k - k, -5*w - 3*k = 6. List the prime factors of v(w).
2, 101
Let a = -1276 - -7344. List the prime factors of a.
2, 37, 41
Suppose 18*y - 10*y + 96 = 0. List the prime factors of (y + 6 - -581) + 1.
2, 3
Let w = -7848 - -12005. Suppose -3*p + 817 = n, 4*n - 9*n + 3*p + w = 0. What are the prime factors of n?
829
Suppose 0*q + 5*u = q - 3, 3*q = -4*u + 9. Suppose -q*o + 291 = 4*x, -2*x = -2*o - 6*x + 198. Let l = -4 + o. List the prime factors of l.
89
Let q(b) = 69*b - 29. Let m be q(2). Suppose -m*k + 1028 = -107*k. What are the prime factors of k?
2, 257
Let i(g) = 45*g + 7. Let k be i(22). Suppose 28 - k = -3*h. List the prime factors of h.
17, 19
Suppose 2*m - 2004 = -2*m. Let j be (m - -21) + -2*(1 + 0). Suppose -205 = 5*w - j. List the prime factors of w.
3, 7
Let o = 562 + -566. What are the prime factors of (-5210)/4*o/5?
2, 521
Let l(a) = -1551*a**3 - 8*a**2 - 22*a - 8. List the prime factors of l(-2).
2, 29, 107
Suppose -49*r = 52*r - 130*r + 510139. List the prime f